 n(0). Suppose -11*j + 3161 + q = 0. What is the units digit of j?
2
Suppose 2723 + 307 = 6*z. Let y = z - 317. What is the units digit of y?
8
Let z(t) = -t + 15. Let c(x) = x**2 - x - 1. Let j be c(0). Let q = j - 4. What is the tens digit of z(q)?
2
Suppose -2*g = -2*m + 454, 2*m - 3*m + 247 = -5*g. Suppose -5362 = -10*y - m. What is the hundreds digit of y?
5
Suppose j - 2089 + 858 = 0. What is the tens digit of j?
3
Suppose -q + 22 = -0*q + 4*s, -3*s + 39 = 3*q. Suppose -6*b + q*b - 440 = 0. Let y = 160 - b. What is the units digit of y?
0
What is the thousands digit of 69/2*90/81*87?
3
Let c be 5 - (6 - (-12848 + -6)). What is the units digit of 2*((-4)/6)/(20/c)?
7
Let x be 105*152/3*1. Suppose -x = -5*c + 4*p, -1064 = -c - 3*p + 7*p. What is the hundreds digit of c?
0
Let v(h) = 121*h - 154. Suppose -4*o = -3*b - 8, -4*o + 8 = -2*b - 4. What is the hundreds digit of v(o)?
4
Let f be (8/(-2) - -2)*10/(-4). Suppose -f*w = -3*k - 62 - 33, -5*k + 19 = w. Suppose -20*z + w*z = -131. What is the hundreds digit of z?
1
Suppose y - 8*j = 3140 + 2963, 4*j = 16. What is the tens digit of y?
3
Suppose -7228*z - 20290 = -7233*z. What is the units digit of z?
8
Let s be (-9)/(27/(-12))*3/2. Suppose 0 = -2*n - y + 3, -y + s = 3*n - 1. Suppose p + 459 = 4*v, 4*v - n*p = p + 455. What is the tens digit of v?
1
Suppose -13*r - 3*h = 2*r - 276546, 4*h = -r + 18463. What is the ten thousands digit of r?
1
Let v(f) be the third derivative of f**6/120 - f**5/30 - 3*f**4/8 + 13*f**3/6 - 28*f**2. What is the tens digit of v(5)?
4
Suppose -6*a = -13803 - 1518 - 87. What is the hundreds digit of a?
5
Let a be (0 - 2) + 3/(9/(-1236)). Let g = 650 + a. What is the hundreds digit of g?
2
Let q(w) = w**2 - 9*w - 83. Let b be q(-6). Suppose -l + b = 3, 97 = y + 3*l. What is the tens digit of y?
8
Suppose 772 = -9*j + 3715. Let z = j - 137. What is the hundreds digit of z?
1
Let o = 23842 - 17071. What is the thousands digit of o?
6
What is the units digit of (-296 + 30618)/(3/(6/4))?
1
Suppose 0 = u - 4*a - 6363, 5*a - 15 = -30. What is the units digit of u?
1
Suppose 93 = -2*p - r, 2*p + 5*r - 3 = -92. Let o(d) = -4*d**3 + 8*d**2 + 8*d - 38. Let s be o(4). Let y = p - s. What is the tens digit of y?
8
Let b be ((-2)/(-1))/((-4)/(-10)). Suppose 3*t = -h + 1307, b*h + 71 = 2*t - 823. What is the hundreds digit of t?
4
Let p(q) = q**3 + 3*q**2 - 6*q - 3. Let b(a) = a**3 - a. Let l(r) = 4*b(r) - p(r). What is the tens digit of l(5)?
1
Suppose -6*g - 5*p = -5*g + 13, 4*p = g - 32. Suppose 6*k + 24 = g*k. Suppose i = h + 96, 3*h + 1 = k*h. What is the tens digit of i?
9
What is the hundreds digit of ((-1120)/60)/((-24)/32796)?
5
Let a(j) be the first derivative of 38*j**3/3 + 9*j**2/2 - 7*j + 73. What is the tens digit of a(3)?
6
Let y be 6/4*(-30)/54*-6. Suppose y*h = -7*x + 4*x + 23, -4*x + 3*h = -21. Suppose 0 = -5*d - x*m + 10*m + 330, 5 = -m. What is the units digit of d?
2
Let o(c) be the first derivative of 65*c**2/2 - 3*c + 95. What is the tens digit of o(6)?
8
Let u(r) = 20*r**3 + 5*r**2 + 53*r - 63. What is the units digit of u(12)?
3
Suppose 3 = -2*j + 7. Suppose 9*b = -f + 4*b + 161, -354 = -j*f - 2*b. Let s = f - 93. What is the tens digit of s?
8
Suppose -5*q + 36 = 4*q. What is the tens digit of (-12 - q)/(-4) - (-1960)/5?
9
Let f be 2*(-19)/4*2. Let s be (f + -1 + 3)*-6. Suppose s = h - 51. What is the hundreds digit of h?
1
Suppose x + v = -2, -3 - 9 = 3*v. Suppose -103*u - 3769 = -106*u - x*p, 4*u - 5027 = -3*p. What is the units digit of u?
3
Suppose -4*k - 171 = -d + 6*d, -260 = 5*k - 3*d. Suppose 5*i + 1155 = 2*t, i + i + 433 = -5*t. Let a = k - i. What is the hundreds digit of a?
1
Let h = -343 - -348. Suppose -g - 2*g = 4*l - 892, 4*g + h*l - 1188 = 0. What is the tens digit of g?
9
Let v = -18 + 22. Suppose -3*u + 101 = v*f, 0*u = u - f - 43. Suppose -269 = -5*k - u. What is the units digit of k?
6
Suppose 65*f = 68*f + 327. Let l = f - -410. What is the hundreds digit of l?
3
Let m be (-1 - (-2)/3) + 6608/(-48). What is the units digit of (-78430)/m + 2*1/(-6)?
8
Suppose -11*i + 73704 = -103737. What is the tens digit of i?
3
Let u(x) = -x**2 + 6*x + 14. Suppose 78*c + 24 = 80*c. Let a be u(c). What is the units digit of (a/3)/(-4*(-5)/(-60))?
8
Suppose -72622 = 16*k - 27*k. Suppose 24*w - 26*w = 4*v - 6600, 4*v + 3*w = k. What is the tens digit of v?
4
Let a be 2 + -1 + 2 + (-3 - 4). Let t(n) = -6*n - 1. Let f be t(a). Let u = f + 84. What is the hundreds digit of u?
1
Suppose -67 - 65 = 12*s. Let d be (-8385)/165 + 2/s. Let t = d - -86. What is the tens digit of t?
3
Let z = 40 + -29. Let k(o) = 26*o - 17. Let x(a) = -25*a + 16. Let t(l) = -6*k(l) - 7*x(l). What is the tens digit of t(z)?
9
Let v(b) = b**3 - 5*b**2 - b + 3. Let q be v(6). Suppose 3*x - q = -0. Let c = 70 - x. What is the units digit of c?
9
Suppose -24*g = -56*g + 43*g - 519893. What is the thousands digit of g?
7
Suppose -5*i + 41 = -169. Let f = i - 114. Let x = f + 73. What is the units digit of x?
1
Suppose -56509 = -q - 5*u, 4*u + 226084 = 264*q - 260*q. What is the thousands digit of q?
6
What is the tens digit of (-216)/36*(-1)/4*(-1135312)/(-24)?
5
What is the thousands digit of 23 + (-53)/(1007/(-557574))?
9
Let c = -49 - -47. What is the tens digit of 429 - c/(-3)*-9?
3
Suppose 29972 = 15*z - 46933. What is the units digit of z?
7
Let o(p) = 10*p - 136. Let c be o(13). Suppose -k + 4*k = -351. What is the tens digit of 30/c - k/1?
1
Let r(o) = -84*o - 94. What is the thousands digit of r(-39)?
3
Suppose -87*d + 4374040 = -32*d. What is the tens digit of d?
2
Suppose -50*t = -39*t - 29062. Suppose 0 = 5*g - 4*x - t, -13*g = -8*g + 5*x - 2660. What is the tens digit of g?
3
Let r be (-3)/5 - 84/(-15). Suppose -a - r*t = -210, 5*a + 5*t - 763 - 327 = 0. What is the units digit of a?
0
Let z be (-1)/(4 + 108/(-28)). Let y be 64/z + (-4)/(-26 + -2). Let t(r) = r**3 + 7*r**2 - 20*r - 6. What is the units digit of t(y)?
2
Let m = -16 + 23. Suppose m*b + 12 = -2*q + 3*b, 0 = 3*q - 2*b - 14. What is the units digit of (-19 - -22)*q*146/6?
6
Suppose k + 79 = -5*f, 50*f - k - 34 = 52*f. What is the units digit of (-189180)/(-195) + 1 + f/13?
0
What is the thousands digit of ((49682/(-4))/1)/(((-602)/28)/43)?
4
Let f(s) = 13*s + 18 - 4 - 19*s + s**2. Let g be f(4). Suppose 0 = -g*x - 2*x + 64. What is the units digit of x?
8
Suppose -2*d + 3*z - 39 - 11 = 0, 0 = -5*d - 4*z - 102. Let f = d - -33. Suppose 0 = h - f*h + 1190. What is the hundreds digit of h?
1
Suppose 13 = -f + 6. Let r be 2*(-1*2)/(f + 3). What is the tens digit of -12 + 7 - (-23 + r)?
1
Let u = 89 - 92. What is the units digit of (-19)/2*(u + 1)?
9
Let p(o) = -7*o**3 + 5*o**2 + 4*o - 35. Let v(f) = 20*f**3 - 16*f**2 - 13*f + 104. Let u(j) = 17*p(j) + 6*v(j). What is the tens digit of u(12)?
5
Suppose -24*x + 29*x = -3*d + 10039, -5*d = -2*x + 4028. Suppose -3*s - 4*f + 3035 = 0, x = 4*s - 5*f - 2079. What is the tens digit of s?
1
Let f = -139 - -518. Let b = 631 - f. What is the units digit of b?
2
Let t = 14933 - -17028. What is the ten thousands digit of t?
3
Suppose 4*i = 3*i + 716. Suppose 9*d = 5*d - i. What is the units digit of (-1 - -1) + (2 + -6 - d)?
5
Let c(h) = -390*h - 35. Let q be c(-4). Suppose 4*f + 3*z - 2013 - 1032 = 0, z = 2*f - q. What is the hundreds digit of 5*(f/5)/3?
2
Let j(q) = -4*q**2 + 40*q + 38. Let b be j(25). Let f = -928 - b. What is the hundreds digit of f?
5
Let v = 16765 + -9877. Suppose 16*y + 25*y = v. What is the hundreds digit of y?
1
Let q = -57 - -60. Suppose 16*j = q*j + 1807. What is the hundreds digit of j?
1
Let a(b) = -283*b - 9859. What is the units digit of a(-49)?
8
Let r = -58 + 62. Suppose s - 380 = -r*s. Suppose 5*k - 3*n + s = 906, 2*k - 332 = -4*n. What is the units digit of k?
6
Let f(h) = -440*h + 4. Let m = 211 + -215. What is the thousands digit of f(m)?
1
Let c(i) = -i**2 + 3*i - 6. Let l be c(3). What is the tens digit of 63 + (-22)/(-2) + l?
6
Let p be -11 + 15 - (-3 - -2). Suppose 2*d + p*y - 94 = d, -d = 4*y - 89. What is the tens digit of d?
6
Suppose -4*p = -5*p + 4. Suppose 992 = p*v + 4*g, 4*g - 1239 = -5*v - 0*g. Suppose 165 = 4*w - v. What is the tens digit of w?
0
Let f(d) = -9*d**3 - 12*d**3 + 51*d + 18*d**2 + 3*d**2 + 52 + 20*d**3. Wha